 -59*r - 2380. Let p(b) = 19*b + 375. Determine p(r).
-5
Suppose 3*p - 6 = 0, 5*o - 2*o + p = 26. Suppose 9*u = o*u + 9. Let z(r) = -3*r**2 + 12*r - 5. Let n(b) = -b**2 + b + 1. Let m(h) = 2*n(h) - z(h). Give m(u).
-2
Let n(d) be the first derivative of d**3/3 + 2*d**2 - 17*d - 1592. What is n(-6)?
-5
Let h(m) = m + 5. Suppose 0 = -5*r - 4*a + 87, 0 = 2*r - a + 7 - 47. Let o = 19 - r. What is h(o)?
5
Let a(p) = p**2 + 9*p + 9. Suppose q = -4*o - q + 942, -o = -2*q - 248. Suppose -b - 246 = -o. What is a(b)?
1
Let i(o) = o**2 + 13*o + 4. Let z(r) = 15*r + 12. Let f be z(0). Suppose -74*t = -75*t - f. Determine i(t).
-8
Let z(l) be the first derivative of -14*l**3/3 - l**2 - 2*l + 1198. Give z(-3).
-122
Let b(y) be the third derivative of -y**8/6720 + y**7/420 + y**6/72 - y**5/20 + 35*y**4/8 + 61*y**2. Let d(a) be the second derivative of b(a). Calculate d(7).
15
Let j(p) = p**3 + 12 + 11*p**2 + 45 + 22*p - 106 - 9*p. Determine j(-9).
-4
Let h = -3355 - -3348. Let j(d) = 5*d + 35. Determine j(h).
0
Let w(v) = v**3 + 4*v**2 - 10. Let t be w(-4). Let f(g) = -4*g + 11. What is f(t)?
51
Suppose -2289 = -4*n + 5*x + 1196, -2*n + 1720 = 2*x. Suppose 0 = 10*g + 455 + n. Let k = g - -133. Let j(v) = -2*v**3 - v + 1. What is j(k)?
-2
Let k(c) be the third derivative of c**4/24 + 11*c**3/6 - 10*c**2. Let p(r) = 6*r + 258. Let y be p(-43). Give k(y).
11
Suppose -j + 145 - 142 = 0. Let f(v) = j*v + 3 + 0 - 2*v + 3*v + v. What is f(5)?
28
Let c be ((-2)/(-3))/(4/6). Let z = -217 + 216. Let m(r) = -2. Let h(d) = -7*d - 13. Let x(i) = z*h(i) + 6*m(i). Calculate x(c).
8
Let p = -221 - -223. Suppose -v = 3*j - 8, -p*v + 6 = 2*j - 6. Let u(g) = 2*g**2 - 4*g + 3. Calculate u(j).
1
Let x be (-32)/(-10) + 1/(-5). Suppose 3*l = -x*u, -4*l + 24 = -10*u + 8*u. Let z(y) = -2*y**2 - 5*y + 2. Determine z(u).
-10
Let h(k) be the third derivative of k**4/6 + 4*k**3 - 2863*k**2. Determine h(-9).
-12
Let d be (15/(-2) - 0)/(15/(-40)). Suppose -d + 32 = z. Suppose z = h + 14. Let i(c) = -c - 1. Determine i(h).
1
Let i(b) be the third derivative of b**5/60 + b**4/3 - 5*b**3/6 - 8279*b**2. Let p = -11 - -5. Give i(p).
-17
Let o = 89/177 + -10/59. Let b(h) be the first derivative of h + h**2 + o*h**3 - 23. Determine b(-2).
1
Let q be 0 + -1 + 93 - (-6 + 6). Let a(m) = m**2 + 173 - q - 7*m - 87. Give a(7).
-6
Let l(w) = w - 8. Let b = -128 - -168. Let q(h) = -13 + 4*h**2 - b*h + 47*h - h**3 - 12*h**2. Let d be q(-9). Determine l(d).
-3
Let t(w) = -18*w + 109. Let a(h) = 7*h**2 - 103*h - 104. Let j be a(-1). Calculate t(j).
1
Let q(w) = -26 + 10 - 42 + 2*w**2 - 63 + 15*w. Determine q(5).
4
Let v = 17017/12 + -1418. Let o(c) be the third derivative of 1/120*c**6 + 0*c + 0*c**4 - c**3 - 8*c**2 + 0 - v*c**5. What is o(5)?
-6
Let v(n) be the first derivative of n**2 + 1/3*n**3 + 4*n + 9. Give v(4).
28
Let b(r) be the second derivative of 5*r**3/6 - 41*r**2 + 11907*r. What is b(12)?
-22
Suppose -107 = -19*w + 368. Let p(u) = 12*u**2 + 1 + u**3 + 18*u**2 - w*u**2 + u + 2. Give p(-4).
15
Let z(w) = -w**2 + 9*w. Let m be z(10). Let b(y) be the first derivative of y**3/3 + 5*y**2 + 6*y - 735. Determine b(m).
6
Let c(p) be the second derivative of p**4/12 - 2*p**3/3 + 34*p**2 + 67*p. Let y(f) be the first derivative of c(f). Give y(-3).
-10
Let w(j) = -71*j**2 - 5*j + 6. Suppose -4 = -7*p + 5*p. Let o(v) = 14*v**2 + v - 1. Let s(d) = p*w(d) + 11*o(d). Suppose 3*k - 15 + 18 = 0. What is s(k)?
12
Suppose 270*s + 48 = 262*s. Let f(x) = -3*x - 35. Let g(z) = 2*z + 15. Let h(y) = s*f(y) - 14*g(y). Give h(3).
-30
Let b(f) = 1548*f + 7729. Let d be b(-5). Let z(c) = -c**2 + 4*c + 174. Calculate z(d).
9
Suppose 0 = 4*r + s + 48, -s - 13 = 3*r - 6*s. Let m = 5 + r. Let n(y) be the second derivative of y**5/20 + y**4/2 + 2*y**2 + 112*y. Calculate n(m).
4
Let n(g) be the first derivative of 5*g**2/2 - 8*g - 51. Let r(m) = -6*m + 10. Let p(s) = -5*n(s) - 4*r(s). Let c(h) = -h + 1. Let b be c(0). Determine p(b).
-1
Let c = -59 + 71. Let x(i) = 18*i - 13 + 20*i - 49*i + c*i. Give x(6).
-7
Let p(q) = 2*q**2 - 14*q - 1. Let f(r) = -4*r**2 + 24*r + 1. Let u(c) = -5*f(c) - 8*p(c). What is u(2)?
3
Suppose -5*a - 8 = -7*a. Let f be 0 + (a - 6) + 4. Let j(g) = -2 - 4 - 9*g - g**3 + 6 - 1 + 11*g**f. Give j(10).
9
Let c(o) = -o**3 - 4*o**2 + 6*o + 4. Suppose 9*t + 7*t = 2944. Suppose -16*g - t + 1464 = 0. Let w = g - 85. Determine c(w).
-1
Let l(d) = -d**2 - 11*d + 8. Let j be l(-11). Let n be -3 - ((-24)/60 + j/(-5)). Let s(r) = -r - 1. Let o(c) = 2*c + 4. Let i(a) = o(a) + 5*s(a). What is i(n)?
2
Let v(u) = -21*u + 196. Let t = -7225 - -7234. Calculate v(t).
7
Let m = 1 - 3. Let g(i) = -18*i - 10. Let z be g(-16). Let f(v) = -138 + z - 141 + 2*v**2 - 2*v. Determine f(m).
11
Let n(c) = c**2 + 6*c + 1. Let v = 361 + -380. Let k be v - 30/(-3) - (-5)/1. What is n(k)?
-7
Let t be -7 + ((-273)/26 - 3)*4/3. Let z(g) = 2*g + 39. What is z(t)?
-11
Let n be 5 + -3 + -8 + -1. Let m(j) = -6*j - 23. Let x(g) = -2*g - 8. Let i be 1 + (-48)/15 + 2/10. Let h(y) = i*m(y) + 7*x(y). What is h(n)?
4
Let i(q) = q. Let c(k) = 30*k + 14 - 67*k + 34*k. Let x(d) = c(d) + 6*i(d). What is x(-6)?
-4
Let g be (0/14)/(4/2). Let s(z) be the first derivative of -z**2/2 - 10*z + 132. Calculate s(g).
-10
Let r(y) = -3*y**3 + 8*y**2 + 2*y + 32. Let l(c) = 2*c**3 - 7*c**2 - 3*c - 32. Let x(m) = -4*l(m) - 3*r(m). Calculate x(-4).
8
Suppose -3 = m, 3*m - 3 = 2*s - 12. Suppose 0 = 4*w - 2*w - 4. Let c(a) = -9 - 7*a**w + 8*a**2 + a**2 - 3*a**2 - a. What is c(s)?
-9
Let g be (-3100)/(-86) - 4/86. Let s(n) = -n**3 + 34*n**2 + 70*n + 73. Determine s(g).
1
Suppose 106 + 54 = 5*d. Let t(f) = -f**3 + 86 - f - 30 - 25 - d. Give t(-1).
1
Suppose 17*u + 106 = -5*j + 19*u, -6*u - 56 = 2*j. Let i(o) = -3*o - 73. Determine i(j).
-7
Let q(l) = -44*l + 150*l**2 - 52*l - 148*l**2 - 52*l + 203*l - 53*l. Let s be (-5)/2*(-6)/5. What is q(s)?
24
Let h(f) be the second derivative of -1/12*f**4 + 7/6*f**3 + 0 - 3*f**2 - 94*f. What is h(5)?
4
Let b(q) = 102*q + 26. Let t(g) = 44*g + 13. Let c(d) = 3*b(d) - 7*t(d). Calculate c(-8).
3
Let j(t) = -t**3 + t**2 + 26*t - 3. Suppose 0 = -4*i + p - 5, -12*p + 68 - 8 = 3*i. What is j(i)?
-3
Let r(w) = 2231*w - 4442*w - 6 + 2224*w. Give r(4).
46
Suppose -961 = 111*b + 149. Let a(i) = -66*i - 653. Calculate a(b).
7
Let s be ((-3)/(-6))/(1 - 3/4). Suppose -t = 2*x - 7*x + 17, -6 = s*t - 3*x. Suppose -3*w = t*w + 18. Let u(q) = q**3 + 2*q**2 - 2*q + 2. Determine u(w).
-1
Let s(n) = 2*n**2 + 2. Let w be ((-32)/(-10) - 4)/((-2)/170). Suppose l + 4*g = -w, -7*g - 182 = 3*l - 6*g. Let z = l - -63. Give s(z).
20
Let x(j) be the third derivative of -j**5/10 + 7*j**4/24 + j**3/3 + 1862*j**2. Give x(-1).
-11
Let f be 3/7*28/4. Let v(w) = 0 + 1 - 17*w**f + 13*w**3. Determine v(-1).
5
Let j(w) = -7*w + 85. Let f = -13377 - -13389. Determine j(f).
1
Let j(m) be the third derivative of 2*m**4/3 - 79*m**3/6 - m**2 - 3*m + 2. Determine j(5).
1
Let y be (25/6 - (-14)/(-21))*(-20)/7. Let q(m) = -m**2 - 14*m - 25. Calculate q(y).
15
Suppose 3*c - 8 = -c. Let w(l) = 0 + 3*l**2 - 8 - 3*l - 2*l**c. Suppose p - 3*g - 524 = -482, -2*p + 4*g = -60. Calculate w(p).
10
Let n(f) = 8*f + 190. Let l(u) = 6*u + 125. Let m(o) = -10*l(o) + 7*n(o). Calculate m(20).
0
Let i(p) = p**3 + 4*p**2 - p - 3. Suppose -3*d - 4*r - 6 + 15 = 0, -5*d = -3*r - 44. Suppose -u + 4 = -d. Let m be -2 + (u + -3)/4 - 3. Calculate i(m).
9
Let p(t) = 9*t**2 - 7*t - 8. Let w(c) = 2*c**2. Let i = 224 - 223. Let b(a) = i*p(a) - 5*w(a). Let k be 1/(3 + -4)*6. Calculate b(k).
-2
Let x be 4/(-6)*(-7 + 1). Suppose -8*m + x = -4. Let y(f) be the third derivative of 13*f**5/60 + f**4/24 - 22*f**2 + 2*f. Determine y(m).
14
Let y(b) = b**2 + 15*b + 47. Let n be y(-4). Let x(f) = -2 + 3*f + 1 - 3 - n + 6. Let c(l) = -l**3 - 5*l**2 + 5*l - 3. Let v be c(-6). Determine x(v).
8
Let t(j) be the second derivative of j**5/60 - j**4/12 - 7*j**3/2 + 34*j. Let h(d) be the second derivative of t(d). Calculate h(5).
8
Let s(m) = m - 3. Suppose 0 = 111*a - 112*a + 3. Suppose a*v - 13 = -5*c, -2*c = -32*v + 37*v + 10. What is s(c)?
2
Let n(j) = -12*j**3 + 8*j**2 - 108*j + 22. Let i(q) = 7*q**3 - 8*q**2 + 53*q - 11. Let t(h) = -5*i(h) - 3*n(h). Calculate t(-10).
-1
Let p be (3 - -1) + (18 - 0). Suppose -7*a